ve g(l).
6
Let b(h) = h**3 - 6*h**2 - 6*h - 10. Let m(c) = -4*c**3 + 17*c**2 + 17*c + 31. Let o(i) = -7*b(i) - 2*m(i). Give o(-7).
1
Suppose -k = 37 - 25. Let l(m) = m**2 + 12*m + 3. What is l(k)?
3
Let z(c) = c**3 + 6*c**2 - 8*c - 5. Let k = 203 - 210. Give z(k).
2
Suppose -3*u + 5*r + 32 = 0, -r + 4*r + 16 = u. Let b(c) = -c**3 + 3*c**2 + c + 5. Give b(u).
-7
Let d = -3 + 7. Let u(i) = -i**3 - 6*i**2 - 150*i - 2 + 9*i**2 + 155*i. Give u(d).
2
Let q(o) = -o**2 - 5*o + 9. Suppose 0 = -2*c + 4, c - 5*c + 32 = -4*u. Determine q(u).
3
Let f be (-6)/3 - -1 - -2. Let r = 3 - 0. Let g(o) = -o**3 - 4*o**2 - 4*o**3 + 0*o**3 + r*o**2. Determine g(f).
-6
Let t(m) be the second derivative of m**3/2 - 2*m**2 - 87*m + 1. Give t(2).
2
Let v(d) = 118266 - 118266 - 5*d**2 + d**3 - 3*d**3 + 4*d + 3*d**2. Give v(-3).
24
Let r(z) = -z + 11. Let l be r(14). Let q be 3/2*(-4)/l. Suppose 2*a = 5*k - 27, a - 21 = q*a - 5*k. Let o(w) = -w**3 - 7*w**2 - 7*w - 5. Give o(a).
1
Let p be 2/(-1 - 0) - -9. Let t(u) = -7*u + 19. Let q = -5 + 10. Let a(m) = 10*m - 28. Let d(h) = q*a(h) + 7*t(h). What is d(p)?
0
Let x be -86*2/(-20)*5. Let c = -49 + x. Let m(z) = z**3 + 6*z**2 + 3*z + 7. Give m(c).
-11
Let u(z) be the second derivative of z**5/4 + z**4/12 + 100*z. Determine u(2).
44
Suppose -11 + 63 = -2*p. Let k = 26 + p. Let b(c) = 11*c + 3. Let s(x) = 4*x + 1. Let m(j) = -3*b(j) + 8*s(j). Calculate m(k).
-1
Let u(y) = 2*y**2 + 4*y - 13. Let k(x) = -3*x**2 - 3*x + 14. Suppose -2*m - 2*l - l = 6, 0 = 3*m + 2*l - 1. Let h(f) = m*k(f) + 4*u(f). Calculate h(7).
-10
Let n(j) be the first derivative of -6 - 1/3*j**3 - 1/2*j**2 - 9*j + 1/4*j**4. Let p = -3 - -3. Calculate n(p).
-9
Let v(q) = -30 - 16 + 19*q + 49. Give v(-2).
-35
Let w(d) be the first derivative of -d**3/3 + 2*d + 11. Give w(2).
-2
Suppose -4*n - z = -17, n + 3*n - 2*z - 14 = 0. Let k(j) = n*j**3 - 8*j + 8*j**2 + 2*j**3 + 14*j + 2 - 5*j**3. Determine k(-7).
9
Let s(g) = g**3 + 5*g**2 - 4*g + 14. Let b(l) = 116*l + 690. Let k be b(-6). Calculate s(k).
2
Suppose 0 = -14*f + 16*f + 10. Let w(m) = m**3 + 4*m**2 - 4*m - 5. Determine w(f).
-10
Let h(o) = -o**3 + 2*o**2 + o - 4. Suppose 18 = -5*t - 2, -4*x + 4*t + 28 = 0. What is h(x)?
-10
Let s(w) = w**2 + 20*w + 77. Let n be s(-6). Let a(z) = -z**2 - 3*z + 10. Determine a(n).
-18
Let p(g) = -g - 1. Suppose 2*v = -3*c - 15 - 5, 0 = 3*v + 4*c + 28. Let k be p(v). Suppose -17 = k*l - 2*u, 2*u = -3*u + 5. Let o(y) = y - 2. Give o(l).
-7
Let t = -260 + 253. Let s(n) = -3*n - 14. Determine s(t).
7
Let p = -1 + 1. Let i(c) = -31*c**2 - 4*c + 19. Let o(t) = -9*t**2 - t + 6. Let a(x) = 2*i(x) - 7*o(x). What is a(p)?
-4
Let o(k) = 2*k**2 + 1. Let i be o(-1). Let b(t) = -3*t**2 + 18*t - 5. Let z(p) = p**2 - 6*p + 2. Let v(y) = 6*b(y) + 17*z(y). What is v(i)?
13
Suppose 15 = 2*d - 2*x + 3, 0 = -4*x + 4. Let o(q) = 4385*q - q**3 - 4387*q + 9 - q**2 + 8*q**2. What is o(d)?
-5
Suppose -4*t - t + 5 = 0. Let d(b) = -5 - b + 2 + t. Let p be (6/7)/((-8)/(-56)). Determine d(p).
-8
Let y(v) = 5*v**3 + 3*v**2 + 5*v + 5. Let x(a) = -11*a**3 - 5*a**2 - 11*a - 10. Let i(d) = 6*x(d) + 13*y(d). Let z be (1 + 0 + -4)*(-27)/9. Determine i(z).
-4
Let w = 10 + -4. Suppose -2*p + 20 = -w*p. Let m(b) be the third derivative of -5*b**4/24 - 5*b**3/6 - 29*b**2. What is m(p)?
20
Let b(p) be the third derivative of -1/60*p**5 + 1/3*p**3 + 0*p - 53*p**2 + 0 + 1/8*p**4. Suppose 0*s + 8 = 3*u - s, 4*u + s = 20. What is b(u)?
-2
Let o(w) = 62*w**3 - 4*w + w - 2 - 66*w**3 - 4*w**2. Calculate o(-2).
20
Let j be ((-5)/(-15))/(2 + (-95)/45). Let q(a) = 2*a**2 - 2*a**3 - 6*a + 2*a + 3*a**3. Calculate q(j).
3
Let c = 615 + -615. Let p(x) = -x**3 - x + 13. Calculate p(c).
13
Suppose 4*f = -5*g - 29, 4 - 5 = g. Let n(m) = 5*m - 4. Give n(f).
-34
Suppose 26*b - 31*b = -175. Let f(a) = 1 + 36*a + 3 - b*a + a**3 - a**2. Calculate f(0).
4
Let k(c) be the second derivative of -c**5/20 + 5*c**4/4 + 5*c**3/2 + 3*c**2 - 99*c. Calculate k(16).
-10
Suppose 3*i - 12 = i. Let x(m) be the second derivative of m**3/6 + 2*m**2 + 18*m. What is x(i)?
10
Let x = -428 - -421. Let v(i) = 3*i + 10. What is v(x)?
-11
Let k(b) = -5*b + 7*b**2 - 5*b**2 - b**2 - b**3 - b - 17 + 8*b**2. What is k(8)?
-1
Let f = -3 + 2. Let s(h) = 312 + h**2 + 3*h + 220 - 531. Give s(f).
-1
Let b(n) be the second derivative of 7/2*n**2 + 0 + 2*n - 1/2*n**3. Suppose 0*m = -3*m - 3*k + 15, 10 = 2*m - k. What is b(m)?
-8
Let q(a) = a**3 - 2*a + 1. Let w(r) = -7*r**3 - r**2 + 14*r - 6. Let j(s) = -6*q(s) - w(s). Calculate j(-3).
-12
Let t = 1 + -7. Let v(d) = 2*d + 12. Let l be v(t). Let g(y) = -y**3 + y - 6. Give g(l).
-6
Let m be 3 - 21/(-6) - 6/(-4). Let c(y) = -y - 9. What is c(m)?
-17
Let h(c) = -c**3 + 2*c**2 + 3*c + 4. Suppose -b + 12 + 11 = 0. Suppose 7*x = -39 - 101. Let o = b + x. What is h(o)?
4
Let t(m) = -m**3 - 7*m**2 - 3*m + 3. Let a(c) = -c**2 - 7*c + 4. Let w be a(-8). Let z be w/(-22) - ((-268)/(-22) - 7). What is t(z)?
-32
Let d(z) = 32*z**3 - 3*z**2 + 3*z - 1. Let y be d(1). Let n = 31 - y. Let p(m) = -m**3 + m**2 + m - 9. What is p(n)?
-9
Let v(n) = -2*n + 9. Let a be v(5). Let u be (-108)/(-15) + a/5. Let w(g) = g - 5. What is w(u)?
2
Let u(d) = -d**2 - 5*d - 2. Let b(l) be the second derivative of l**3/6 - 15*l**2/2 - l. Suppose 3*j = 7*j - 44. Let r be b(j). Give u(r).
2
Let r(c) = -11 - 15 + 38 - 12 + 3*c. Give r(2).
6
Let g(s) be the third derivative of s**6/120 - 2*s**5/15 + s**4/4 + 5*s**3/3 + 107*s**2. Calculate g(7).
3
Let l(y) be the second derivative of -y**4/12 - 2*y**3/3 - y**2/2 + 53*y + 2. What is l(-5)?
-6
Suppose 0 = 5*m - 7*m - 50. Let c be 2/(-8) - m/20. Let l(h) = 10*h**2 - 3*h - 2. Let v(n) = -5*n**2 + n + 1. Let w(u) = 2*l(u) + 5*v(u). Calculate w(c).
-5
Let d(o) = -2*o**3 - 7*o**2 - o. Let p be d(-3). Let g(t) be the second derivative of 1/6*t**3 + 3*t**2 + t + 0 + 1/2*t**4 + 1/20*t**5. What is g(p)?
0
Let f(y) be the first derivative of -4*y**2 + y + 298. Calculate f(1).
-7
Let o(j) = -j**3 - 14*j**2 - 5*j - 16. Let v(z) = -2*z**3 - 27*z**2 - 9*z - 34. Let w(u) = -5*o(u) + 3*v(u). Determine w(-11).
0
Let n(v) = v**3 + 6*v**2 + v + 8. Let j be n(-6). Suppose 0 = a - j. Suppose -5*m - 22 = -a*p + 10, 3*p = -4*m + 2. Let c(q) = q - 7. Calculate c(p).
-1
Let n be ((-2)/12)/(-17 + -3). Let u(z) be the third derivative of -z**3 - 1/12*z**5 + 0 - 1/12*z**4 - n*z**6 + 3*z**2 + 0*z. What is u(-4)?
-14
Let c(x) = x + 22. Let d(w) = 1. Let r(m) = -c(m) + 5*d(m). What is r(-12)?
-5
Suppose -3*v - 2*f = -12, v - 3*f - 17 = -2. Let r(l) = -l**2 + 5*l + 2. What is r(v)?
-4
Suppose -22 = -3*h + 2. Let c(z) be the second derivative of 1/12*z**4 - 1/2*z**2 - 4/3*z**3 + 10*z + 0. What is c(h)?
-1
Let q(m) = m**3 - 5*m**2 - 2*m + 4. Let n be q(5). Let f(i) be the third derivative of i**5/60 + i**4/4 + 2*i**3/3 - 330*i**2. What is f(n)?
4
Let i(x) = 2*x**3 - 2*x**2 + 3*x - 9. Let r = -14 + 19. Let m(q) = q**3 - q**2 + q - 4. Let p(d) = r*m(d) - 2*i(d). Give p(2).
0
Let u(s) = 11*s - s**2 + 8 - 5*s - 2. Determine u(7).
-1
Suppose -4*u = w - 18, 5*w = -3*u + 32 + 41. Let n(q) = -q**2 + 11*q + 34. Give n(w).
-8
Suppose 0*c + 4*c - 4*w - 8 = 0, -3*w = -15. Let d(b) = -9*b - 381*b**2 + 375*b**2 + 6 - 89657*b**3 + 89658*b**3. Determine d(c).
-8
Let k(m) be the third derivative of -m**5/30 - 2*m**4/3 + m**3/3 + 75*m**2 - 2*m. Calculate k(-7).
16
Let b be 14/4 + (-14)/28. Let x(o) be the first derivative of 1/4*o**4 + 5/3*o**3 + b*o + 3/2*o**2 + 3. What is x(-4)?
7
Suppose -5*h + 55 = -5*v, 3*h = 6*h - 15. Let x be 15/(-12) + v/8 + 1. Let k(j) = -5*j + 5*j - 2*j. Calculate k(x).
2
Let w(i) be the first derivative of i**2/2 - i - 4. Let q = -60 + 53. Calculate w(q).
-8
Let c(o) = -o**3 + 2*o - 3. Suppose -24*g = -26*g - 8, -3*g = -k + 8. Give c(k).
53
Suppose s = -3 + 2. Let o be (2/1 - 1)/(s/(-6)). Let p(v) = v**3 - 6*v**2 - v - 7. Calculate p(o).
-13
Suppose -a - 2*a + y = -9, 6 = 2*a - 2*y. Let w(t) = t**3 - 4*t**2 - t + 3. Determine w(a).
-9
Let a(o) = -4*o + 40. Let i be 15/(-6)*2 + 196/14. What is a(i)?
4
Suppose -2*w = -6 + 4. Let s(p) be the first derivative of p**5/60 - p**3/6 + 6*p**2 - 6. Let q(j) be the second derivative of s(j). Determine q(w).
0
Let v(m) = -m**2 + 5*m - 5. Let y(p) = -3*p + 8. Let c be y(2). Let n(g) = -5*g**2 + 21*